[INFO] cloning repository https://github.com/aeubanks/fsrpad
[INFO] running `Command { std: "git" "-c" "credential.helper=" "-c" "credential.helper=/workspace/cargo-home/bin/git-credential-null" "clone" "--bare" "https://github.com/aeubanks/fsrpad" "/workspace/cache/git-repos/https%3A%2F%2Fgithub.com%2Faeubanks%2Ffsrpad", kill_on_drop: false }`
[INFO] [stderr] Cloning into bare repository '/workspace/cache/git-repos/https%3A%2F%2Fgithub.com%2Faeubanks%2Ffsrpad'...
[INFO] running `Command { std: "git" "rev-parse" "HEAD", kill_on_drop: false }`
[INFO] [stdout] 6661403d4975963d4385cd71c5cef30651840ef3
[INFO] checking aeubanks/fsrpad against master#9610dfe5a9a731ced1ea4923ecbd0c57fe367898 for beta-170-4
[INFO] running `Command { std: "git" "clone" "/workspace/cache/git-repos/https%3A%2F%2Fgithub.com%2Faeubanks%2Ffsrpad" "/workspace/builds/worker-7-tc1/source", kill_on_drop: false }`
[INFO] [stderr] Cloning into '/workspace/builds/worker-7-tc1/source'...
[INFO] [stderr] done.
[INFO] validating manifest of git repo https://github.com/aeubanks/fsrpad on toolchain 9610dfe5a9a731ced1ea4923ecbd0c57fe367898
[INFO] running `Command { std: CARGO_HOME="/workspace/cargo-home" RUSTUP_HOME="/workspace/rustup-home" "/workspace/cargo-home/bin/cargo" "+9610dfe5a9a731ced1ea4923ecbd0c57fe367898" "metadata" "--manifest-path" "Cargo.toml" "--no-deps", kill_on_drop: false }`
[INFO] started tweaking git repo https://github.com/aeubanks/fsrpad
[INFO] finished tweaking git repo https://github.com/aeubanks/fsrpad
[INFO] tweaked toml for git repo https://github.com/aeubanks/fsrpad written to /workspace/builds/worker-7-tc1/source/Cargo.toml
[INFO] crate git repo https://github.com/aeubanks/fsrpad already has a lockfile, it will not be regenerated
[INFO] running `Command { std: CARGO_HOME="/workspace/cargo-home" RUSTUP_HOME="/workspace/rustup-home" "/workspace/cargo-home/bin/cargo" "+9610dfe5a9a731ced1ea4923ecbd0c57fe367898" "fetch" "--manifest-path" "Cargo.toml", kill_on_drop: false }`
[INFO] [stderr]  Downloading crates ...
[INFO] [stderr]   Downloaded gnuplot v0.0.34
[INFO] running `Command { std: "docker" "create" "-v" "/var/lib/crater-agent-workspace/builds/worker-7-tc1/target:/opt/rustwide/target:rw,Z" "-v" "/var/lib/crater-agent-workspace/builds/worker-7-tc1/source:/opt/rustwide/workdir:ro,Z" "-v" "/var/lib/crater-agent-workspace/cargo-home:/opt/rustwide/cargo-home:ro,Z" "-v" "/var/lib/crater-agent-workspace/rustup-home:/opt/rustwide/rustup-home:ro,Z" "-e" "SOURCE_DIR=/opt/rustwide/workdir" "-e" "CARGO_TARGET_DIR=/opt/rustwide/target" "-e" "CARGO_HOME=/opt/rustwide/cargo-home" "-e" "RUSTUP_HOME=/opt/rustwide/rustup-home" "-w" "/opt/rustwide/workdir" "-m" "1610612736" "--user" "0:0" "--network" "none" "ghcr.io/rust-lang/crates-build-env/linux@sha256:19e73879b68f455e41552ea35293514db52ea292d993f571636dbffedb77a1ee" "/opt/rustwide/cargo-home/bin/cargo" "+9610dfe5a9a731ced1ea4923ecbd0c57fe367898" "metadata" "--no-deps" "--format-version=1", kill_on_drop: false }`
[INFO] [stdout] 5e960de91bb4bf0606c843fe670ad3f740ea1268b90db875e5ca3d95aa03648a
[INFO] running `Command { std: "docker" "start" "-a" "5e960de91bb4bf0606c843fe670ad3f740ea1268b90db875e5ca3d95aa03648a", kill_on_drop: false }`
[INFO] running `Command { std: "docker" "inspect" "5e960de91bb4bf0606c843fe670ad3f740ea1268b90db875e5ca3d95aa03648a", kill_on_drop: false }`
[INFO] running `Command { std: "docker" "rm" "-f" "5e960de91bb4bf0606c843fe670ad3f740ea1268b90db875e5ca3d95aa03648a", kill_on_drop: false }`
[INFO] [stdout] 5e960de91bb4bf0606c843fe670ad3f740ea1268b90db875e5ca3d95aa03648a
[INFO] running `Command { std: "docker" "create" "-v" "/var/lib/crater-agent-workspace/builds/worker-7-tc1/target:/opt/rustwide/target:rw,Z" "-v" "/var/lib/crater-agent-workspace/builds/worker-7-tc1/source:/opt/rustwide/workdir:ro,Z" "-v" "/var/lib/crater-agent-workspace/cargo-home:/opt/rustwide/cargo-home:ro,Z" "-v" "/var/lib/crater-agent-workspace/rustup-home:/opt/rustwide/rustup-home:ro,Z" "-e" "SOURCE_DIR=/opt/rustwide/workdir" "-e" "CARGO_TARGET_DIR=/opt/rustwide/target" "-e" "CARGO_INCREMENTAL=0" "-e" "RUST_BACKTRACE=full" "-e" "RUSTFLAGS=--cap-lints=forbid" "-e" "RUSTDOCFLAGS=--cap-lints=forbid" "-e" "CARGO_HOME=/opt/rustwide/cargo-home" "-e" "RUSTUP_HOME=/opt/rustwide/rustup-home" "-w" "/opt/rustwide/workdir" "-m" "1610612736" "--user" "0:0" "--network" "none" "ghcr.io/rust-lang/crates-build-env/linux@sha256:19e73879b68f455e41552ea35293514db52ea292d993f571636dbffedb77a1ee" "/opt/rustwide/cargo-home/bin/cargo" "+9610dfe5a9a731ced1ea4923ecbd0c57fe367898" "check" "--frozen" "--all" "--all-targets" "--message-format=json", kill_on_drop: false }`
[INFO] [stdout] 32cb0b1ae1f599ef24293a9169663eeaab6bca4b3a90be315c52deed68d50e14
[INFO] running `Command { std: "docker" "start" "-a" "32cb0b1ae1f599ef24293a9169663eeaab6bca4b3a90be315c52deed68d50e14", kill_on_drop: false }`
[INFO] [stderr]    Compiling proc-macro2 v1.0.10
[INFO] [stderr]    Compiling version_check v0.9.1
[INFO] [stderr]    Compiling syn v1.0.17
[INFO] [stderr]    Compiling libc v0.2.68
[INFO] [stderr]    Compiling autocfg v1.0.0
[INFO] [stderr]     Checking os_str_bytes v2.3.0
[INFO] [stderr]     Checking gnuplot v0.0.34
[INFO] [stderr]    Compiling indexmap v1.3.2
[INFO] [stderr]    Compiling proc-macro-error-attr v0.4.12
[INFO] [stderr]    Compiling proc-macro-error v0.4.12
[INFO] [stderr]    Compiling quote v1.0.3
[INFO] [stderr]     Checking nix v0.14.1
[INFO] [stderr]     Checking i2cdev v0.4.4
[INFO] [stderr]    Compiling syn-mid v0.5.0
[INFO] [stderr]    Compiling clap_derive v3.0.0-beta.1
[INFO] [stderr]     Checking clap v3.0.0-beta.1
[INFO] [stderr]     Checking fsrpad v0.1.0 (/opt/rustwide/workdir)
[INFO] [stdout] error[E0432]: unresolved import `structopt`
[INFO] [stdout]  --> src/bin/client.rs:4:5
[INFO] [stdout]   |
[INFO] [stdout] 4 | use structopt::StructOpt;
[INFO] [stdout]   |     ^^^^^^^^^ use of undeclared crate or module `structopt`
[INFO] [stdout] 
[INFO] [stdout] 
[INFO] [stdout] error: cannot determine resolution for the derive macro `StructOpt`
[INFO] [stdout]  --> src/bin/client.rs:6:17
[INFO] [stdout]   |
[INFO] [stdout] 6 | #[derive(Debug, StructOpt)]
[INFO] [stdout]   |                 ^^^^^^^^^
[INFO] [stdout]   |
[INFO] [stdout]   = note: import resolution is stuck, try simplifying macro imports
[INFO] [stdout] 
[INFO] [stdout] 
[INFO] [stdout] error: cannot find attribute `structopt` in this scope
[INFO] [stdout]  --> src/bin/client.rs:7:3
[INFO] [stdout]   |
[INFO] [stdout] 7 | #[structopt(name = "fsrpad-client")]
[INFO] [stdout]   |   ^^^^^^^^^
[INFO] [stdout] 
[INFO] [stdout] 
[INFO] [stdout] error[E0432]: unresolved import `structopt`
[INFO] [stdout]  --> src/bin/client.rs:4:5
[INFO] [stdout]   |
[INFO] [stdout] 4 | use structopt::StructOpt;
[INFO] [stdout]   |     ^^^^^^^^^ use of undeclared crate or module `structopt`
[INFO] [stdout] 
[INFO] [stdout] 
[INFO] [stdout] error: cannot determine resolution for the derive macro `StructOpt`
[INFO] [stdout]  --> src/bin/client.rs:6:17
[INFO] [stdout]   |
[INFO] [stdout] 6 | #[derive(Debug, StructOpt)]
[INFO] [stdout]   |                 ^^^^^^^^^
[INFO] [stdout]   |
[INFO] [stdout]   = note: import resolution is stuck, try simplifying macro imports
[INFO] [stdout] 
[INFO] [stdout] 
[INFO] [stdout] error: cannot find attribute `structopt` in this scope
[INFO] [stdout]  --> src/bin/client.rs:9:7
[INFO] [stdout]   |
[INFO] [stdout] 9 |     #[structopt(short, long, parse(from_os_str))]
[INFO] [stdout]   |       ^^^^^^^^^
[INFO] [stdout] 
[INFO] [stdout] 
[INFO] [stdout] error: cannot find attribute `structopt` in this scope
[INFO] [stdout]   --> src/bin/client.rs:12:7
[INFO] [stdout]    |
[INFO] [stdout] 12 |     #[structopt(short, long, default_value = "raspberrypi:8000")]
[INFO] [stdout]    |       ^^^^^^^^^
[INFO] [stdout] 
[INFO] [stdout] 
[INFO] [stdout] error: cannot find attribute `structopt` in this scope
[INFO] [stdout]   --> src/bin/client.rs:15:7
[INFO] [stdout]    |
[INFO] [stdout] 15 |     #[structopt(short, long)]
[INFO] [stdout]    |       ^^^^^^^^^
[INFO] [stdout] 
[INFO] [stdout] 
[INFO] [stdout] error: cannot find attribute `structopt` in this scope
[INFO] [stdout]   --> src/bin/client.rs:18:7
[INFO] [stdout]    |
[INFO] [stdout] 18 |     #[structopt(short, long)]
[INFO] [stdout]    |       ^^^^^^^^^
[INFO] [stdout] 
[INFO] [stdout] 
[INFO] [stdout] error: cannot find attribute `structopt` in this scope
[INFO] [stdout]   --> src/bin/client.rs:21:7
[INFO] [stdout]    |
[INFO] [stdout] 21 |     #[structopt(long)]
[INFO] [stdout]    |       ^^^^^^^^^
[INFO] [stdout] 
[INFO] [stdout] 
[INFO] [stdout] error: cannot find attribute `structopt` in this scope
[INFO] [stdout]   --> src/bin/client.rs:24:7
[INFO] [stdout]    |
[INFO] [stdout] 24 |     #[structopt(long)]
[INFO] [stdout]    |       ^^^^^^^^^
[INFO] [stdout] 
[INFO] [stdout] 
[INFO] [stdout] error: cannot find attribute `structopt` in this scope
[INFO] [stdout]  --> src/bin/client.rs:7:3
[INFO] [stdout]   |
[INFO] [stdout] 7 | #[structopt(name = "fsrpad-client")]
[INFO] [stdout]   |   ^^^^^^^^^
[INFO] [stdout] 
[INFO] [stdout] 
[INFO] [stdout] error: cannot find attribute `structopt` in this scope
[INFO] [stdout]  --> src/bin/client.rs:9:7
[INFO] [stdout]   |
[INFO] [stdout] 9 |     #[structopt(short, long, parse(from_os_str))]
[INFO] [stdout]   |       ^^^^^^^^^
[INFO] [stdout] 
[INFO] [stdout] 
[INFO] [stdout] error: cannot find attribute `structopt` in this scope
[INFO] [stdout]   --> src/bin/client.rs:12:7
[INFO] [stdout]    |
[INFO] [stdout] 12 |     #[structopt(short, long, default_value = "raspberrypi:8000")]
[INFO] [stdout]    |       ^^^^^^^^^
[INFO] [stdout] 
[INFO] [stdout] 
[INFO] [stdout] error: cannot find attribute `structopt` in this scope
[INFO] [stdout]   --> src/bin/client.rs:15:7
[INFO] [stdout]    |
[INFO] [stdout] 15 |     #[structopt(short, long)]
[INFO] [stdout]    |       ^^^^^^^^^
[INFO] [stdout] 
[INFO] [stdout] 
[INFO] [stdout] error: cannot find attribute `structopt` in this scope
[INFO] [stdout]   --> src/bin/client.rs:18:7
[INFO] [stdout]    |
[INFO] [stdout] 18 |     #[structopt(short, long)]
[INFO] [stdout]    |       ^^^^^^^^^
[INFO] [stdout] 
[INFO] [stdout] 
[INFO] [stdout] error: cannot find attribute `structopt` in this scope
[INFO] [stdout]   --> src/bin/client.rs:21:7
[INFO] [stdout]    |
[INFO] [stdout] 21 |     #[structopt(long)]
[INFO] [stdout]    |       ^^^^^^^^^
[INFO] [stdout] 
[INFO] [stdout] 
[INFO] [stdout] error: cannot find attribute `structopt` in this scope
[INFO] [stdout]   --> src/bin/client.rs:24:7
[INFO] [stdout]    |
[INFO] [stdout] 24 |     #[structopt(long)]
[INFO] [stdout]    |       ^^^^^^^^^
[INFO] [stdout] 
[INFO] [stdout] 
[INFO] [stdout] error[E0599]: no function or associated item named `from_args` found for struct `Opt` in the current scope
[INFO] [stdout]   --> src/bin/client.rs:33:21
[INFO] [stdout]    |
[INFO] [stdout] 8  | struct Opt {
[INFO] [stdout]    | ---------- function or associated item `from_args` not found for this struct
[INFO] [stdout] ...
[INFO] [stdout] 33 |     let opts = Opt::from_args();
[INFO] [stdout]    |                     ^^^^^^^^^ function or associated item not found in `Opt`
[INFO] [stdout] 
[INFO] [stdout] 
[INFO] [stdout] error: aborting due to 10 previous errors
[INFO] [stdout] 
[INFO] [stdout] 
[INFO] [stdout] Some errors have detailed explanations: E0432, E0599.
[INFO] [stdout] 
[INFO] [stdout] For more information about an error, try `rustc --explain E0432`.
[INFO] [stdout] 
[INFO] [stderr] error: could not compile `fsrpad` (bin "client") due to 11 previous errors
[INFO] [stderr] warning: build failed, waiting for other jobs to finish...
[INFO] [stdout] error[E0599]: no function or associated item named `from_args` found for struct `Opt` in the current scope
[INFO] [stdout]   --> src/bin/client.rs:33:21
[INFO] [stdout]    |
[INFO] [stdout] 8  | struct Opt {
[INFO] [stdout]    | ---------- function or associated item `from_args` not found for this struct
[INFO] [stdout] ...
[INFO] [stdout] 33 |     let opts = Opt::from_args();
[INFO] [stdout]    |                     ^^^^^^^^^ function or associated item not found in `Opt`
[INFO] [stdout] 
[INFO] [stdout] 
[INFO] [stdout] error: aborting due to 10 previous errors
[INFO] [stdout] 
[INFO] [stdout] 
[INFO] [stdout] Some errors have detailed explanations: E0432, E0599.
[INFO] [stdout] 
[INFO] [stdout] For more information about an error, try `rustc --explain E0432`.
[INFO] [stdout] 
[INFO] [stderr] error: could not compile `fsrpad` (bin "client" test) due to 11 previous errors
[INFO] running `Command { std: "docker" "inspect" "32cb0b1ae1f599ef24293a9169663eeaab6bca4b3a90be315c52deed68d50e14", kill_on_drop: false }`
[INFO] running `Command { std: "docker" "rm" "-f" "32cb0b1ae1f599ef24293a9169663eeaab6bca4b3a90be315c52deed68d50e14", kill_on_drop: false }`
[INFO] [stdout] 32cb0b1ae1f599ef24293a9169663eeaab6bca4b3a90be315c52deed68d50e14
